{"id":498,"date":"2024-05-19T15:41:44","date_gmt":"2024-05-19T13:41:44","guid":{"rendered":"http:\/\/vxdhoei.cluster023.hosting.ovh.net\/?page_id=498"},"modified":"2025-05-15T15:42:51","modified_gmt":"2025-05-15T13:42:51","slug":"organisation","status":"publish","type":"page","link":"https:\/\/traildelagrandeferme.com\/index.php\/organisation\/","title":{"rendered":"Organisation"},"content":{"rendered":"\t\t<div data-elementor-type=\"wp-page\" data-elementor-id=\"498\" class=\"elementor elementor-498\">\n\t\t\t\t<div class=\"elementor-element elementor-element-bf29e1f e-flex e-con-boxed wpr-particle-no wpr-jarallax-no wpr-parallax-no wpr-sticky-section-no e-con e-parent\" data-id=\"bf29e1f\" data-element_type=\"container\" data-settings=\"{&quot;background_background&quot;:&quot;classic&quot;}\">\n\t\t\t\t\t<div class=\"e-con-inner\">\n\t\t<div class=\"elementor-element elementor-element-27bf9bd e-con-full e-flex wpr-particle-no wpr-jarallax-no wpr-parallax-no wpr-sticky-section-no e-con e-child\" data-id=\"27bf9bd\" data-element_type=\"container\">\n\t\t\t\t<div class=\"elementor-element elementor-element-9f0e340 elementor-widget elementor-widget-spacer\" data-id=\"9f0e340\" data-element_type=\"widget\" data-widget_type=\"spacer.default\">\n\t\t\t\t<div class=\"elementor-widget-container\">\n\t\t\t<style>\/*! elementor - v3.21.0 - 08-05-2024 *\/\n.elementor-column .elementor-spacer-inner{height:var(--spacer-size)}.e-con{--container-widget-width:100%}.e-con-inner>.elementor-widget-spacer,.e-con>.elementor-widget-spacer{width:var(--container-widget-width,var(--spacer-size));--align-self:var(--container-widget-align-self,initial);--flex-shrink:0}.e-con-inner>.elementor-widget-spacer>.elementor-widget-container,.e-con>.elementor-widget-spacer>.elementor-widget-container{height:100%;width:100%}.e-con-inner>.elementor-widget-spacer>.elementor-widget-container>.elementor-spacer,.e-con>.elementor-widget-spacer>.elementor-widget-container>.elementor-spacer{height:100%}.e-con-inner>.elementor-widget-spacer>.elementor-widget-container>.elementor-spacer>.elementor-spacer-inner,.e-con>.elementor-widget-spacer>.elementor-widget-container>.elementor-spacer>.elementor-spacer-inner{height:var(--container-widget-height,var(--spacer-size))}.e-con-inner>.elementor-widget-spacer.elementor-widget-empty,.e-con>.elementor-widget-spacer.elementor-widget-empty{position:relative;min-height:22px;min-width:22px}.e-con-inner>.elementor-widget-spacer.elementor-widget-empty .elementor-widget-empty-icon,.e-con>.elementor-widget-spacer.elementor-widget-empty .elementor-widget-empty-icon{position:absolute;top:0;bottom:0;left:0;right:0;margin:auto;padding:0;width:22px;height:22px}<\/style>\t\t<div class=\"elementor-spacer\">\n\t\t\t<div class=\"elementor-spacer-inner\"><\/div>\n\t\t<\/div>\n\t\t\t\t<\/div>\n\t\t\t\t<\/div>\n\t\t\t\t<\/div>\n\t\t<div class=\"elementor-element elementor-element-75c2bf3 e-con-full e-flex wpr-particle-no wpr-jarallax-no wpr-parallax-no wpr-sticky-section-no e-con e-child\" data-id=\"75c2bf3\" data-element_type=\"container\">\n\t\t\t\t<\/div>\n\t\t\t\t\t<\/div>\n\t\t\t\t<\/div>\n\t\t<div class=\"elementor-element elementor-element-b0c4353 e-con-full e-flex wpr-particle-no wpr-jarallax-no wpr-parallax-no wpr-sticky-section-no e-con e-parent\" data-id=\"b0c4353\" data-element_type=\"container\" data-settings=\"{&quot;background_background&quot;:&quot;classic&quot;}\">\n\t\t<div class=\"elementor-element elementor-element-96e4891 e-con-full elementor-hidden-laptop elementor-hidden-tablet elementor-hidden-mobile e-flex wpr-particle-no wpr-jarallax-no wpr-parallax-no wpr-sticky-section-no e-con e-child\" data-id=\"96e4891\" data-element_type=\"container\">\n\t\t\t\t<\/div>\n\t\t<div class=\"elementor-element elementor-element-85f5074 e-con-full e-flex wpr-particle-no wpr-jarallax-no wpr-parallax-no wpr-sticky-section-no e-con e-child\" data-id=\"85f5074\" data-element_type=\"container\">\n\t\t\t\t<div class=\"elementor-element elementor-element-a0b6f52 elementor-widget__width-initial elementor-widget elementor-widget-heading\" data-id=\"a0b6f52\" data-element_type=\"widget\" data-widget_type=\"heading.default\">\n\t\t\t\t<div class=\"elementor-widget-container\">\n\t\t\t<style>\/*! elementor - v3.21.0 - 08-05-2024 *\/\n.elementor-heading-title{padding:0;margin:0;line-height:1}.elementor-widget-heading .elementor-heading-title[class*=elementor-size-]>a{color:inherit;font-size:inherit;line-height:inherit}.elementor-widget-heading .elementor-heading-title.elementor-size-small{font-size:15px}.elementor-widget-heading .elementor-heading-title.elementor-size-medium{font-size:19px}.elementor-widget-heading .elementor-heading-title.elementor-size-large{font-size:29px}.elementor-widget-heading .elementor-heading-title.elementor-size-xl{font-size:39px}.elementor-widget-heading .elementor-heading-title.elementor-size-xxl{font-size:59px}<\/style><h4 class=\"elementor-heading-title elementor-size-default\">R\u00e8glement Trail de la grande Ferme 2025\n<\/h4>\t\t<\/div>\n\t\t\t\t<\/div>\n\t\t\t\t<\/div>\n\t\t<div class=\"elementor-element elementor-element-a6877e4 e-con-full e-flex wpr-particle-no wpr-jarallax-no wpr-parallax-no wpr-sticky-section-no e-con e-child\" data-id=\"a6877e4\" data-element_type=\"container\">\n\t\t\t\t<div class=\"elementor-element elementor-element-5d11ce4 elementor-hidden-desktop elementor-widget elementor-widget-spacer\" data-id=\"5d11ce4\" data-element_type=\"widget\" data-widget_type=\"spacer.default\">\n\t\t\t\t<div class=\"elementor-widget-container\">\n\t\t\t\t\t<div class=\"elementor-spacer\">\n\t\t\t<div class=\"elementor-spacer-inner\"><\/div>\n\t\t<\/div>\n\t\t\t\t<\/div>\n\t\t\t\t<\/div>\n\t\t\t\t<\/div>\n\t\t\t\t<\/div>\n\t\t<div class=\"elementor-element elementor-element-4288fec e-con-full e-flex wpr-particle-no wpr-jarallax-no wpr-parallax-no wpr-sticky-section-no e-con e-parent\" data-id=\"4288fec\" data-element_type=\"container\" data-settings=\"{&quot;background_background&quot;:&quot;classic&quot;}\">\n\t\t<div class=\"elementor-element elementor-element-58fff92 e-con-full e-flex wpr-particle-no wpr-jarallax-no wpr-parallax-no wpr-sticky-section-no e-con e-child\" data-id=\"58fff92\" data-element_type=\"container\">\n\t\t\t\t<div class=\"elementor-element elementor-element-73a6211 elementor-widget elementor-widget-spacer\" data-id=\"73a6211\" data-element_type=\"widget\" data-widget_type=\"spacer.default\">\n\t\t\t\t<div class=\"elementor-widget-container\">\n\t\t\t\t\t<div class=\"elementor-spacer\">\n\t\t\t<div class=\"elementor-spacer-inner\"><\/div>\n\t\t<\/div>\n\t\t\t\t<\/div>\n\t\t\t\t<\/div>\n\t\t\t\t<div class=\"elementor-element elementor-element-7d98dcd elementor-widget elementor-widget-text-editor\" data-id=\"7d98dcd\" data-element_type=\"widget\" data-widget_type=\"text-editor.default\">\n\t\t\t\t<div class=\"elementor-widget-container\">\n\t\t\t<style>\/*! elementor - v3.21.0 - 08-05-2024 *\/\n.elementor-widget-text-editor.elementor-drop-cap-view-stacked .elementor-drop-cap{background-color:#69727d;color:#fff}.elementor-widget-text-editor.elementor-drop-cap-view-framed .elementor-drop-cap{color:#69727d;border:3px solid;background-color:transparent}.elementor-widget-text-editor:not(.elementor-drop-cap-view-default) .elementor-drop-cap{margin-top:8px}.elementor-widget-text-editor:not(.elementor-drop-cap-view-default) .elementor-drop-cap-letter{width:1em;height:1em}.elementor-widget-text-editor .elementor-drop-cap{float:left;text-align:center;line-height:1;font-size:50px}.elementor-widget-text-editor .elementor-drop-cap-letter{display:inline-block}<\/style>\t\t\t\t<p><strong>5 octobre 2025, 9\u00e8me \u00e9dition<\/strong><\/p><p>Le Trail de la Grande Ferme est un v\u00e9ritable trail disput\u00e9 sur un terrain naturel comportant un certain nombre de <br \/>caract\u00e9ristiques techniques. Les participants sont tenus de respecter le r\u00e8glement suivant afin de permettre \u00e0 <br \/>cette course de conserver l\u2019esprit trail.<\/p><p><span style=\"text-decoration: underline;\">Article 1 : L\u2019organisation<\/span><\/p><p>Le Lions Club de Mantes la Jolie et partenariat avec le CAMV (Club d\u2019athl\u00e9tisme de Mantes la ville) organise le <br \/>Trail de la Grande Ferme le dimanche 5 octobre 2025. <br \/>Un 12 km (185 m de d\u00e9nivel\u00e9 positif) et un 29 km (480 m de d\u00e9nivel\u00e9 positif) au d\u00e9part de la Grande Ferme au 1 <br \/>rue Henri Duverdin 78200 Soindres.<br \/>Le 12 km est ouvert \u00e0 la marche nordique pour cette 9\u00e8me \u00e9dition, avec un classement sp\u00e9cifique \u00e0 cette <br \/>discipline.<br \/><strong>Ce r\u00e8glement s\u2019applique aux deux \u00e9preuves.<\/strong><\/p><p><span style=\"text-decoration: underline;\">Article 2 : Participation<\/span><\/p><p><strong>Course inscrite au calendrier de courses FFA et ouverte \u00e0 tous, licenci\u00e9s ou non, \u00e0 partir de 16 ans pour le 12 <\/strong><strong>km, 18 ans pour le 29 km.<\/strong><\/p><p><span style=\"text-decoration: underline;\">Article 3 : Inscription<\/span><\/p><p>Les \u00e9preuves sont ouvertes suivant les conditions ci-dessous :<br \/>Pour les personnes mineures, leur participation \u00e0 une comp\u00e9tition est soumise \u00e0 la pr\u00e9sentation obligatoire \u00e0 l&rsquo;organisateur soit :<br \/>&#8211; D&rsquo;une licence Athl\u00e9 Comp\u00e9tition, Athl\u00e9 Entreprise, Athl\u00e9 Running d\u00e9livr\u00e9e par la FFA, ou d&rsquo;un \u00ab Pass\u2019 J\u2019aime Courir \u00bb d\u00e9livr\u00e9 par la FFA et compl\u00e9t\u00e9 par le m\u00e9decin, en cours de validit\u00e9 \u00e0 la date de la manifestation. Les autres licences d\u00e9livr\u00e9es par la FFA (Sant\u00e9, Encadrement et D\u00e9couverte ne sont pas accept\u00e9es ;<br \/>&#8211; D&rsquo;une licence sportive, en cours de validit\u00e9 \u00e0 la date de la manifestation, sur laquelle doit appara\u00eetre, par tous <br \/>moyens, la non-contre-indication \u00e0 la pratique du sport en comp\u00e9tition, de l&rsquo;athl\u00e9tisme en comp\u00e9tition ou de la <br \/>course \u00e0 pied en comp\u00e9tition et d\u00e9livr\u00e9e par une des f\u00e9d\u00e9rations partenaires de la FFA. La liste des f\u00e9d\u00e9rations <br \/>partenaires seront r\u00e9guli\u00e8rement communiqu\u00e9es aux clubs affili\u00e9s et organisateurs sportifs par voie de circulaire.<br \/>Pour les personnes majeures, leur participation \u00e0 une comp\u00e9tition est soumise \u00e0 la pr\u00e9sentation <br \/>obligatoire \u00e0 l&rsquo;organisateur soit :<br \/>&#8211; D&rsquo;une licence Athl\u00e9 Comp\u00e9tition, Athl\u00e9 Entreprise, Athl\u00e9 Running d\u00e9livr\u00e9e par la FFA, ou d&rsquo;un \u00ab Pass\u2019 J\u2019aime <br \/>Courir \u00bb d\u00e9livr\u00e9 par la FFA et compl\u00e9t\u00e9 par le m\u00e9decin, en cours de validit\u00e9 \u00e0 la date de la manifestation. Les autres licences d\u00e9livr\u00e9es par la FFA (Sant\u00e9 et Encadrement ne sont pas accept\u00e9es ;<br \/>&#8211; D\u2019une attestation (papier, \u00e9lectronique ou de type QR Code) indiquant que la personne a r\u00e9alis\u00e9 le Parcours de <br \/>Pr\u00e9vention Sant\u00e9 (ou \u00ab PPS \u00bb) mis en place par la FFA via sa plateforme d\u00e9di\u00e9e dont les conditions d\u2019utilisation <br \/>seront \u00e9tablies \u00e9galement par cette derni\u00e8re. Pour \u00eatre valable, le PPS doit avoir \u00e9t\u00e9 effectu\u00e9 au maximum trois mois avant la date de la manifestation \u00e0 laquelle la personne souhaite s\u2019inscrire.<br \/>Sauf convention contraire, la personne majeure ne peut pas pr\u00e9senter \u00e0 l\u2019organisateur une licence d\u2019une autre <br \/>f\u00e9d\u00e9ration. <br \/>Les inscriptions aux \u00e9preuves pourront \u00eatre prises en ligne sur le site de la course<br \/>http:\/\/www.traildelagrandeferme.com\/ ou par envoi d\u2019une fiche d\u2019inscription individuelle \u00e0 l\u2019adresse suivante : <br \/>Jer\u00f4me LACROIX 1 Rue Henri Duverdin 78200 Soindres, accompagn\u00e9e du r\u00e8glement et des documents ci\ufffedessus (Conform\u00e9ment \u00e0 la r\u00e9glementation des courses hors stade de la FFA) : <br \/><strong>Inscriptions limit\u00e9es \u00e0 450 coureurs cumul\u00e9s sur les 2 courses.<\/strong><br \/>Les inscriptions devront nous parvenir au plus tard le jeudi 2 octobre avant minuit.<br \/>Les inscriptions \u00e0 la course ne sont prises en compte qu\u2019accompagn\u00e9es de la photocopie de la licence ou du <br \/>certificat m\u00e9dical. Aucun dossard ne sera remis en absence de ces documents.<br \/>Tarifs d\u2019inscription:<\/p><p><strong>Le montant de l&rsquo;inscription pour le 12 km est fix\u00e9 \u00e0 13 \u20ac et 14,50 \u20ac via le paiement sur Internet (Frais de transaction inclus) (marche nordique et trail)<\/strong><br \/><strong>Le montant de l&rsquo;inscription pour le 29 km est fix\u00e9 \u00e0 18 \u20ac et 19,50 \u20ac via le paiement sur Internet (Frais de transaction incus)<\/strong><\/p><p>Ceux qui veulent payer par courrier peuvent le faire sans voir les frais de transaction. <br \/>Les droits d\u2019engagement sont \u00e0 r\u00e9gler en esp\u00e8ces ou par ch\u00e8que \u00e0 l\u2019ordre de Lions Club de Mantes la Jolie.<br \/><strong>Tarifs major\u00e9s de 5 \u20ac pour les inscriptions sur place (dans la limite des places disponibles).<\/strong><br \/>V\u00e9rification de l\u2019inscription sur le site internet du trail.<\/p><p><span style=\"text-decoration: underline;\">Article 4 : Retrait des dossards<\/span><\/p><p>Les dossards seront \u00e0 retirer \u00e0 la grande ferme \u00e0 partir de 7h30 et jusqu\u2019\u00e0 30 minutes avant le d\u00e9part des <br \/><strong>\u00e9preuves (d\u00e9part 9h00).<\/strong><br \/>Pour ceux qui s\u2019inscrivent sur place, il est imp\u00e9ratif de remplir une fiche d\u2019inscription individuelle avec les <br \/>documents n\u00e9cessaires (voir article 3)<\/p><p><span style=\"text-decoration: underline;\">Article 5 : D\u00e9roulement des courses<\/span><\/p><p>D\u00e9part et horaires :<br \/>Les deux courses ont un d\u00e9part et une arriv\u00e9e commune. <br \/><strong>Le 12km et le 29 km se d\u00e9roulent \u00e0 Soindres, au 1 rue Henri Duverdin. La Grande Ferme.<\/strong><br \/><strong>D\u00e9part : 9h00<\/strong><br \/>Un \u00e9chauffement collectif (facultatif) aura lieu en musique \u00e0 partir de 9h, avec sono et professeurs de fitness.<br \/>Un briefing pour les derni\u00e8res recommandations est pr\u00e9vu 10 minutes avant le d\u00e9part. <br \/>Balisage : Il sera effectu\u00e9 avec de la rubalise, de la peinture fluorescente et des panneaux indicateurs. Pr\u00e9sence <br \/>de signaleurs aux intersections de route. <br \/>Plusieurs points de contr\u00f4le sont \u00e9tablis par l&rsquo;organisation afin d&rsquo;assurer la r\u00e9gularit\u00e9 de l&rsquo;\u00e9preuve. <br \/><strong>Ravitaillement : Cette course est un trail en semi autosuffisance.<\/strong><br \/>Sont pr\u00e9vus :<br \/><strong>pour le 12 km un ravitaillement \u00e0 mi-parcours et \u00e0 l\u2019arriv\u00e9e. <\/strong><br \/><strong>pour le 29 km un ravitaillement au environ du km 7, du km 15 et \u00e0 l\u2019arriv\u00e9e.<\/strong><br \/><strong>A ces postes et sur l\u2019ensemble des parcours respectez l&rsquo;environnement.<\/strong><\/p><p><span style=\"text-decoration: underline;\">Article 6 : L\u2019esprit Trail<\/span><\/p><p>Respect des propri\u00e9t\u00e9s travers\u00e9es et de l\u2019environnement : <br \/>Vous allez traverser de nombreuses propri\u00e9t\u00e9s priv\u00e9es et courir dans des sites naturels. <br \/>Nous vous demandons donc de : respecter la v\u00e9g\u00e9tation, respecter les cl\u00f4tures, ne pas jeter vos d\u00e9tritus sur le <br \/>sol,<br \/>ne pas crier intempestivement, faire preuve de bonne humeur vis \u00e0 vis des b\u00e9n\u00e9voles et des villageois <br \/>rencontr\u00e9s. <br \/>Entre-aide : Tout concurrent se doit de porter secours \u00e0 un autre concurrent en situation dangereuse ou en <br \/>d\u00e9tresse. <br \/>Secours et assistance :<br \/>Une assistance m\u00e9dicale est assur\u00e9e \u00e0 l\u2019arriv\u00e9e. Les services m\u00e9dicaux d\u2019urgence seront habilit\u00e9s \u00e0 mettre hors <br \/>course tout concurrent paraissant inapte \u00e0 poursuivre l\u2019\u00e9preuve.<\/p><p><span style=\"text-decoration: underline;\">Article 7 : Port du dossard<\/span><\/p><p>Le dossard doit \u00eatre obligatoirement port\u00e9 sur le devant et visible ceci pendant toute la dur\u00e9e de la course.<\/p><p><span style=\"text-decoration: underline;\">Article 8 : Modification\/ Annulation des \u00e9preuves<\/span><\/p><p>En cas de force majeure (intemp\u00e9ries, refus li\u00e9 aux risques d\u2019attentats,), nombre insuffisant de participants sur <br \/>l\u2019une des courses et pour des raisons de s\u00e9curit\u00e9, l\u2019organisation se r\u00e9serve le droit de modifier le parcours ou d\u2019annuler l\u2019\u00e9preuve. <br \/>En cas d\u2019annulation l\u2019organisation ne proc\u00e9dera pas au remboursement des inscriptions.<\/p><p><span style=\"text-decoration: underline;\">Article 9 : Assurance<\/span><\/p><p>Une extension au contrat responsabilit\u00e9 civile a \u00e9t\u00e9 souscrite par l\u2019organisateur aupr\u00e8s d\u2019Allianz sous le num\u00e9ro de contrat n\u00b0 48.3782.042 pour la dur\u00e9e de l\u2019\u00e9preuve. <br \/>Les licenci\u00e9s b\u00e9n\u00e9ficient des garanties accord\u00e9es par l\u2019assurance li\u00e9e \u00e0 leur licence sportive. <br \/>L\u2019organisation ne peut en aucun cas \u00eatre tenue pour responsable en cas d\u2019accident ou de d\u00e9faillance cons\u00e9cutifs <br \/>\u00e0 un mauvais \u00e9tat de sant\u00e9 ou \u00e0 une pr\u00e9paration insuffisante. <br \/>Les organisateurs d\u00e9clinent toute responsabilit\u00e9 en cas de vol ou de d\u00e9gradation de mat\u00e9riel.<\/p><p><span style=\"text-decoration: underline;\">Article 10 : Contr\u00f4le\/ Abandons \/ barri\u00e8re horaire.<\/span><\/p><p>\u00a0\u00bb Tout comp\u00e9titeur peut \u00eatre soumis \u00e0 un contr\u00f4le antidopage pendant ou \u00e0 l&rsquo;arriv\u00e9e du Trail\u00a0\u00bb. En cas d\u2019abandon, le concurrent doit obligatoirement pr\u00e9venir le responsable du poste de ravitaillement ou de contr\u00f4le le plus proche et lui remettre le dossard. <br \/>Pas de barri\u00e8re horaire sur le 12 km. Sur le 29 km, un serre fil fermera la marche sur une moyenne de 7km\/h, soit <br \/>une dur\u00e9e maximum de 3h15. Pass\u00e9 ce d\u00e9lai, les concurrents retardataires seront pris en charge par <br \/>l\u2019organisation afin d\u2019\u00eatre ramen\u00e9 vers la ligne de d\u00e9part.<\/p><p><span style=\"text-decoration: underline;\">Article 11 : Droit \u00e0 l\u2019image, Loi informatique et libert\u00e9<\/span><\/p><p>Du fait de son engagement, chaque coureur autorise express\u00e9ment les organisateurs \u00e0 utiliser les images fixes <br \/>ou audiovisuelles sur lesquelles il pourrait appara\u00eetre, prise \u00e0 l\u2019occasion de sa participation aux \u00e9preuves, sur tous supports y compris les documents promotionnels et \/ ou publicitaires. <br \/>Conform\u00e9ment \u00e0 la loi informatique et libert\u00e9, vous disposez d\u2019un droit d\u2019acc\u00e8s et de rectification aux informations <br \/>vous concernant. Sauf opposition expresse de votre part les coordonn\u00e9es pourront \u00eatre transmises \u00e0 nos diff\u00e9rents partenaires.<\/p><p><span style=\"text-decoration: underline;\">Article 12 : Acceptation compl\u00e8te du R\u00e8glement<\/span><\/p><p>Tout concurrent reconna\u00eet avoir pris connaissance du pr\u00e9sent r\u00e8glement et en accepte toutes les clauses.<\/p><p><span style=\"text-decoration: underline;\">Article 13 : R\u00e9compenses<\/span><\/p><p>Seront r\u00e9compens\u00e9s les 3 premi\u00e8res femmes et les 3 premiers hommes de chaque course, ainsi que le premier <br \/>et la premi\u00e8re de chaque cat\u00e9gorie. <br \/>Pour tous : Un lot (exemple : t-shirt technique) \u00e0 la remise du dossard.<\/p>\t\t\t\t\t\t<\/div>\n\t\t\t\t<\/div>\n\t\t\t\t<div class=\"elementor-element elementor-element-a4aceda e-transform wpr-button-icon-style-inline wpr-button-icon-position-right elementor-widget elementor-widget-wpr-button\" data-id=\"a4aceda\" data-element_type=\"widget\" data-settings=\"{&quot;_transform_scale_effect&quot;:{&quot;unit&quot;:&quot;px&quot;,&quot;size&quot;:1.1,&quot;sizes&quot;:[]},&quot;_transform_scale_effect_laptop&quot;:{&quot;unit&quot;:&quot;px&quot;,&quot;size&quot;:&quot;&quot;,&quot;sizes&quot;:[]},&quot;_transform_scale_effect_tablet&quot;:{&quot;unit&quot;:&quot;px&quot;,&quot;size&quot;:&quot;&quot;,&quot;sizes&quot;:[]},&quot;_transform_scale_effect_mobile&quot;:{&quot;unit&quot;:&quot;px&quot;,&quot;size&quot;:&quot;&quot;,&quot;sizes&quot;:[]}}\" data-widget_type=\"wpr-button.default\">\n\t\t\t\t<div class=\"elementor-widget-container\">\n\t\t\t\t\n\t\t\t\n\t\t\n\t\t<div class=\"wpr-button-wrap elementor-clearfix\">\n\t\t<a class=\"wpr-button wpr-button-effect wpr-button-none\" data-text=\"Go\" href=\"https:\/\/trail-de-la-grande-ferme-2025.onsinscrit.com\/\">\n\t\t\t\n\t\t\t<span class=\"wpr-button-content\">\n\t\t\t\t\t\t\t\t\t<span class=\"wpr-button-text\">Inscrivez-vous au Trail<\/span>\n\t\t\t\t\t\t\t\t\n\t\t\t\t\t\t\t\t\t<span class=\"wpr-button-icon\"><svg class=\"e-font-icon-svg e-fas-angle-right\" viewBox=\"0 0 256 512\" xmlns=\"http:\/\/www.w3.org\/2000\/svg\"><path d=\"M224.3 273l-136 136c-9.4 9.4-24.6 9.4-33.9 0l-22.6-22.6c-9.4-9.4-9.4-24.6 0-33.9l96.4-96.4-96.4-96.4c-9.4-9.4-9.4-24.6 0-33.9L54.3 103c9.4-9.4 24.6-9.4 33.9 0l136 136c9.5 9.4 9.5 24.6.1 34z\"><\/path><\/svg><\/span>\n\t\t\t\t\t\t\t<\/span>\n\t\t<\/a>\n\n\t\t\t\t<\/div>\n\t\n\t\n\t\t\t<\/div>\n\t\t\t\t<\/div>\n\t\t\t\t<\/div>\n\t\t\t\t<\/div>\n\t\t<div class=\"elementor-element elementor-element-a70296c e-flex e-con-boxed wpr-particle-no wpr-jarallax-no wpr-parallax-no wpr-sticky-section-no e-con e-parent\" data-id=\"a70296c\" data-element_type=\"container\">\n\t\t\t\t\t<div class=\"e-con-inner\">\n\t\t<div class=\"elementor-element elementor-element-61222a6 e-con-full e-flex wpr-particle-no wpr-jarallax-no wpr-parallax-no wpr-sticky-section-no e-con e-child\" data-id=\"61222a6\" data-element_type=\"container\">\n\t\t\t\t<div class=\"elementor-element elementor-element-3a5a5de elementor-widget elementor-widget-spacer\" data-id=\"3a5a5de\" data-element_type=\"widget\" data-widget_type=\"spacer.default\">\n\t\t\t\t<div class=\"elementor-widget-container\">\n\t\t\t\t\t<div class=\"elementor-spacer\">\n\t\t\t<div class=\"elementor-spacer-inner\"><\/div>\n\t\t<\/div>\n\t\t\t\t<\/div>\n\t\t\t\t<\/div>\n\t\t\t\t<div class=\"elementor-element elementor-element-f5b28d3 elementor-widget elementor-widget-spacer\" data-id=\"f5b28d3\" data-element_type=\"widget\" data-widget_type=\"spacer.default\">\n\t\t\t\t<div class=\"elementor-widget-container\">\n\t\t\t\t\t<div class=\"elementor-spacer\">\n\t\t\t<div class=\"elementor-spacer-inner\"><\/div>\n\t\t<\/div>\n\t\t\t\t<\/div>\n\t\t\t\t<\/div>\n\t\t\t\t<\/div>\n\t\t<div class=\"elementor-element elementor-element-5f53cd5 e-con-full e-flex wpr-particle-no wpr-jarallax-no wpr-parallax-no wpr-sticky-section-no e-con e-child\" data-id=\"5f53cd5\" data-element_type=\"container\">\n\t\t\t\t<\/div>\n\t\t\t\t\t<\/div>\n\t\t\t\t<\/div>\n\t\t\t\t<\/div>\n\t\t","protected":false},"excerpt":{"rendered":"<p>R\u00e8glement Trail de la grande Ferme 2025 5 octobre 2025, 9\u00e8me \u00e9dition Le Trail de la Grande Ferme est un v\u00e9ritable trail disput\u00e9 sur un terrain naturel comportant un certain nombre de caract\u00e9ristiques techniques. Les participants sont tenus de respecter le r\u00e8glement suivant afin de permettre \u00e0 cette course de conserver l\u2019esprit trail. Article 1 [&hellip;]<\/p>\n","protected":false},"author":1,"featured_media":0,"parent":0,"menu_order":0,"comment_status":"closed","ping_status":"closed","template":"","meta":{"footnotes":""},"class_list":["post-498","page","type-page","status-publish","hentry"],"_links":{"self":[{"href":"https:\/\/traildelagrandeferme.com\/index.php\/wp-json\/wp\/v2\/pages\/498","targetHints":{"allow":["GET"]}}],"collection":[{"href":"https:\/\/traildelagrandeferme.com\/index.php\/wp-json\/wp\/v2\/pages"}],"about":[{"href":"https:\/\/traildelagrandeferme.com\/index.php\/wp-json\/wp\/v2\/types\/page"}],"author":[{"embeddable":true,"href":"https:\/\/traildelagrandeferme.com\/index.php\/wp-json\/wp\/v2\/users\/1"}],"replies":[{"embeddable":true,"href":"https:\/\/traildelagrandeferme.com\/index.php\/wp-json\/wp\/v2\/comments?post=498"}],"version-history":[{"count":88,"href":"https:\/\/traildelagrandeferme.com\/index.php\/wp-json\/wp\/v2\/pages\/498\/revisions"}],"predecessor-version":[{"id":2289,"href":"https:\/\/traildelagrandeferme.com\/index.php\/wp-json\/wp\/v2\/pages\/498\/revisions\/2289"}],"wp:attachment":[{"href":"https:\/\/traildelagrandeferme.com\/index.php\/wp-json\/wp\/v2\/media?parent=498"}],"curies":[{"name":"wp","href":"https:\/\/api.w.org\/{rel}","templated":true}]}}